{"id":4064,"date":"2018-05-13T21:43:08","date_gmt":"2018-05-13T19:43:08","guid":{"rendered":"http:\/\/immobilien-sahin-24.de\/cms\/?page_id=4064"},"modified":"2025-09-15T17:14:11","modified_gmt":"2025-09-15T15:14:11","slug":"datenschutzerklaerung","status":"publish","type":"page","link":"http:\/\/immobilien-sahin-24.de\/cms\/datenschutzerklaerung\/","title":{"rendered":"Datenschutzerkl\u00e4rung"},"content":{"rendered":"<h3><strong>Datenschutzerkl\u00e4rung<\/strong><\/h3>\n\n\n<p>Der Schutz und die Sicherheit von pers\u00f6nlichen Daten hat bei uns eine hohe Priorit\u00e4t. Daher halten wir uns<br>strikt an die Regeln des deutschen Bundesdatenschutzgesetzes (BDSG). Nachfolgend werden Sie dar\u00fcber<br>informiert, welche Art von Daten erfasst und zu welchen Zweck sie erhoben werden:<\/p>\n\n\n\n<div style=\"height:30px\" aria-hidden=\"true\" class=\"wp-block-spacer\"><\/div>\n\n\n\n<p><strong>1. Daten\u00fcbermittlung\/ Datenprotokollierung<br><\/strong><br>Beim Besuch dieser Seite verzeichnet der Web-Server automatisch Log-Files, die keiner bestimmten Person<br>zugeordnet werden k\u00f6nnen. Diese Daten beinhalten z. B. Den Browsertyp und -version, verwendetes<br>Betriebssystem, Referrer URL (die zuvor besuchte Seite), IP-Adresse des anfragenden Rechners,<br>Zugriffsdatum und -uhrzeit der Serveranfrage und die Dateianfrage des Client (Dateiname und URL). Diese<br>Daten werden nur zum Zweck der statistischen Auswertung gesammelt. Eine Weitergabe an Dritte, zu<br>kommerziellen oder nichtkommerziellen Zwecken, findet nicht statt.<\/p>\n\n\n\n<div style=\"height:30px\" aria-hidden=\"true\" class=\"wp-block-spacer\"><\/div>\n\n\n\n<p><strong>2. Nutzung pers\u00f6nlicher Daten<br><\/strong><br>Pers\u00f6nliche Daten werden nur erhoben oder verarbeitet, wenn Sie diese Angaben freiwillig, z.B. Im Rahmen<br>einer Anfrage mitteilen.<br>Sofern keine erforderlichen Gr\u00fcnde im Zusammenhang mit einer Gesch\u00e4ftsabwicklung bestehen, k\u00f6nnen<br>Sie jederzeit die zuvor erteilte Genehmigung Ihrer pers\u00f6nlichen Datenspeicherung mit sofortiger Wirkung<br>schriftlich (z.B. per E-Mail oder per Fax) widerrufen. Ihre Daten werden nicht an Dritte weitergeben, es sei<br>denn, eine Weitergabe ist aufgrund gesetzlicher Vorschriften erforderlich.<\/p>\n\n\n\n<div style=\"height:30px\" aria-hidden=\"true\" class=\"wp-block-spacer\"><\/div>\n\n\n\n<p><strong>3. Recht auf Auskunft, \u00c4nderung, Sperrung und L\u00f6schung<br><\/strong><br>Sie haben jederzeit das Recht auf unentgeltliche Auskunft \u00fcber Ihre gespeicherten personenbezogenen<br>Daten deren Herkunft und Empf\u00e4nger und den Zweck der Datenverarbeitung sowie ein Recht auf<br>Berichtigung, Sperrung oder L\u00f6schung dieser Daten. Hierzu sowie zu weiteren Fragen zum Thema<br>personenbezogenen Daten k\u00f6nnen Sie sich jederzeit unter der folgende E-Mail Adresse post@immobiliensahin-<br>24.de an uns wenden.<\/p>\n\n\n\n<div style=\"height:30px\" aria-hidden=\"true\" class=\"wp-block-spacer\"><\/div>\n\n\n\n<p><strong>4. Sicherheit Ihrer Daten<br><\/strong><br>Ihre uns zur Verf\u00fcgung gestellten pers\u00f6nlichen Daten werden durch Ergreifung aller technischen sowie<br>organisatorischen Sicherheitsma\u00dfnahmen so gesichert, dass sie f\u00fcr den Zugriff unberechtigter Dritter<br>unzug\u00e4nglich sind. Bei Versendung von sehr sensiblen Daten oder Informationen ist es empfehlenswert, den<br>Postweg zu nutzen, da eine vollst\u00e4ndige Datensicherheit per E-Mail nicht gew\u00e4hrleistet werden kann.<\/p>\n\n\n\n<div style=\"height:30px\" aria-hidden=\"true\" class=\"wp-block-spacer\"><\/div>\n\n\n\n<p><strong>5. Hinweis zur verantwortlichen Stelle<br><\/strong><br>Die verantwortliche Stelle f\u00fcr die Datenverarbeitung auf dieser Webseite ist:<br>Sakine Sahin<br>Sudermannstra\u00dfe 9b<br>51427 Bergisch Gladbach<br>Tel. +49 (0) 2204 \/ 305785<br>E-Mail post@immobilien-sahin-24.de<br>www.immobilien-sahin-24.de<\/p>\n\n\n\n<div style=\"height:30px\" aria-hidden=\"true\" class=\"wp-block-spacer\"><\/div>\n\n\n\n<p><strong>6. Widerruf Ihrer Einwilligung zur Datenverarbeitung<br><\/strong><br>Viele Datenverarbeitungsvorg\u00e4nge sind nur mit Ihrer ausdr\u00fcckliche Einwilligung m\u00f6glich. Sie k\u00f6nnen eine<br>bereits erteilte Einwilligung jederzeit widerrufen. Dazu reicht eine formlose Mitteilung per E-Mail an uns. Die<br>Rechtsm\u00e4\u00dfigkeit der bis zum Widerruf erfolgte Datenverarbeitung bleibt von Widerruf unber\u00fchrt.<\/p>\n\n\n\n<div style=\"height:30px\" aria-hidden=\"true\" class=\"wp-block-spacer\"><\/div>\n\n\n\n<p><strong>7. Hinweis zu Google Analytics<br><\/strong><br>Diese Webseite benutzt Google Analytics, einen Webanalysedienst der Google Inc. (Google\u201c). Google<br>Analytics verwendet sog. \u201eCookies\u201c, d.h. Textdateien, die auf Ihrem Computer gespeichert werden und die<br>eine Analyse der Benutzung der Webseite durch Sie erm\u00f6glicht. Die durch den Cookie erzeugten<br>Informationen \u00fcber Ihre Benutzung diese Webseite (einschlie\u00dflich Ihrer IP-Adresse) wird an einen Server<br>von Google in den USA \u00fcbertragen und dort gespeichert. Google wird diese Informationen benutzen, um Ihre<br>Nutzung der Webseite auszuwerten, um Reports \u00fcber die Websiteaktivit\u00e4ten f\u00fcr die Websitebetreiber<br>zusammenzustellen und um weitere mit der Websitenutzung und der Internetnutzung verbundene<br>Dienstleistungen zu erbringen. Auch wird Google diese Informationen gegebenenfalls an Dritte \u00fcbertragen,<br>sofern dies gesetzlich vorgeschrieben oder soweit Dritte diese Daten im Auftrag von Google verarbeiten.<br>Google wird in keinem Fall Ihre IP-Adresse mit anderen Daten der Google in Verbindung bringen. Sie<br>k\u00f6nnen die Installation der Cookies durch eine entsprechende Einstellung Ihrer Browser Software<br>verhindern; wir weisen Sie jedoch darauf hin, dass Sie in diesem Fall gegebenenfalls nicht s\u00e4mtliche<br>Funktionen dieser Website voll umf\u00e4nglich nutzen k\u00f6nnen. Durch die Nutzung dieser Website erkl\u00e4ren Sie<br>sich mit der Bearbeitung der \u00fcber Sie erhobenen Daten durch Google in der zuvor beschriebenen Art und<br>Weise und zu dem zuvor benannten Zweck einverstanden.<\/p>\n\n\n\n<div style=\"height:30px\" aria-hidden=\"true\" class=\"wp-block-spacer\"><\/div>\n\n\n\n<p><strong>8. Cookies<br><\/strong><br>Auf einigen unserer Seiten verwenden wir sog. \u201eSession-Cookies\u201c, um Ihnen die Nutzung unserer Webseiten<br>zu erleichtern. Dabei handelt es sich um kleine Textdateien, die nur f\u00fcr die Dauer Ihres Besuchs unserer<br>Webseite auf Ihrer Festplatte hinterlegt und abh\u00e4ngig von der Einstellung Ihres Browsers-Programms beim<br>Beenden des Browsers wieder gel\u00f6scht werden. Diese Cookies rufen keine auf Ihrer Festplatte \u00fcber Sie<br>gespeicherten Informationen ab und beeintr\u00e4chtigen nicht Ihren PC oder Ihre Dateien. Die meisten Browser<br>sind so eingestellt, dass Cookies automatisch akzeptieren. Sie k\u00f6nnen das Speichern von Cookies jedoch<br>deaktivieren oder Ihren Browser so einstellen, dass er Sie auf die Sendung von Cookies hinweist.<\/p>\n\n\n\n<div style=\"height:30px\" aria-hidden=\"true\" class=\"wp-block-spacer\"><\/div>\n\n\n\n<p><strong>9. \u00c4nderung dieser Datenschutzbestimmungen<br><\/strong><br>Wir werden diese Richtlinien zum Schutz Ihrer pers\u00f6nlichen Daten von Zeit zu Zeit aktualisieren. Sie sollten<br>sich diese Richtlinien gelegentlich ansehen, um auf dem Laufenden dar\u00fcber zu bleiben, wie wir Ihre Daten<br>sch\u00fctzen und die Inhalte unserer Website stetig verbessern. Sollten wir wesentliche \u00c4nderung bei der<br>Sammlung, der Nutzung und\/oder der Weitergabe der uns von Ihnen zur Verf\u00fcgung gestellten<br>personenbezogenen Daten vornehmen, werden wir Sie durch einen eindeutigen und gut sichtbaren Hinweis<br>auf der Website darauf aufmerksam machen. Mit der Nutzung der Webseite erkl\u00e4ren Sie sich mit den<br>Bedingungen dieser Richtlinien zum Schutz pers\u00f6nlicher Daten einverstanden.<br>Bei Fragen zu diesen Datenschutzbestimmungen wenden Sie sich bitte an die folgende Ansprechpartnerin,<br>die f\u00fcr Sie in unserem Hause zur Verf\u00fcgung steht.<\/p>\n\n\n\n<p>Sakine Sahin<br>Sudermannstra\u00dfe 9 b<br>51427 Bergisch Gladbach<br>Tel . + 49 (0) 2204 305785<br>E-Mail: post@immobilien-sahin-24<br>www.immobilien-sahin-24.de<\/p>\n","protected":false},"excerpt":{"rendered":"<p>Datenschutzerkl\u00e4rung Der Schutz und die Sicherheit von pers\u00f6nlichen Daten hat bei uns eine hohe Priorit\u00e4t. Daher halten wir unsstrikt an die Regeln des deutschen Bundesdatenschutzgesetzes (BDSG). Nachfolgend werden Sie dar\u00fcberinformiert, welche Art von Daten erfasst und zu welchen Zweck sie erhoben werden: 1. Daten\u00fcbermittlung\/ DatenprotokollierungBeim Besuch dieser Seite verzeichnet der Web-Server automatisch Log-Files, die keiner [&hellip;]<\/p>\n","protected":false},"author":1,"featured_media":0,"parent":0,"menu_order":0,"comment_status":"closed","ping_status":"closed","template":"","meta":{"ngg_post_thumbnail":0},"yoast_head":"<!-- This site is optimized with the Yoast SEO plugin v18.4.1 - https:\/\/yoast.com\/wordpress\/plugins\/seo\/ -->\n<title>Datenschutzerkl\u00e4rung - immobilien-sahin-24.de<\/title>\n<meta name=\"robots\" content=\"index, follow, max-snippet:-1, max-image-preview:large, max-video-preview:-1\" \/>\n<link rel=\"canonical\" href=\"http:\/\/immobilien-sahin-24.de\/cms\/datenschutzerklaerung\/\" \/>\n<meta property=\"og:locale\" content=\"de_DE\" \/>\n<meta property=\"og:type\" content=\"article\" \/>\n<meta property=\"og:title\" content=\"Datenschutzerkl\u00e4rung - immobilien-sahin-24.de\" \/>\n<meta property=\"og:description\" content=\"Datenschutzerkl\u00e4rung Der Schutz und die Sicherheit von pers\u00f6nlichen Daten hat bei uns eine hohe Priorit\u00e4t. Daher halten wir unsstrikt an die Regeln des deutschen Bundesdatenschutzgesetzes (BDSG). Nachfolgend werden Sie dar\u00fcberinformiert, welche Art von Daten erfasst und zu welchen Zweck sie erhoben werden: 1. Daten\u00fcbermittlung\/ DatenprotokollierungBeim Besuch dieser Seite verzeichnet der Web-Server automatisch Log-Files, die keiner [&hellip;]\" \/>\n<meta property=\"og:url\" content=\"http:\/\/immobilien-sahin-24.de\/cms\/datenschutzerklaerung\/\" \/>\n<meta property=\"og:site_name\" content=\"immobilien-sahin-24.de\" \/>\n<meta property=\"article:modified_time\" content=\"2025-09-15T15:14:11+00:00\" \/>\n<meta name=\"twitter:card\" content=\"summary\" \/>\n<meta name=\"twitter:label1\" content=\"Gesch\u00e4tzte Lesezeit\" \/>\n\t<meta name=\"twitter:data1\" content=\"5\u00a0Minuten\" \/>\n<script type=\"application\/ld+json\" class=\"yoast-schema-graph\">{\"@context\":\"https:\/\/schema.org\",\"@graph\":[{\"@type\":\"Organization\",\"@id\":\"http:\/\/immobilien-sahin-24.de\/cms\/#organization\",\"name\":\"Immobilien SAHIN\",\"url\":\"http:\/\/immobilien-sahin-24.de\/cms\/\",\"sameAs\":[],\"logo\":{\"@type\":\"ImageObject\",\"@id\":\"http:\/\/immobilien-sahin-24.de\/cms\/#logo\",\"inLanguage\":\"de\",\"url\":\"http:\/\/immobilien-sahin-24.de\/cms\/wp-content\/uploads\/logo_sahinimmobilien.jpg\",\"contentUrl\":\"http:\/\/immobilien-sahin-24.de\/cms\/wp-content\/uploads\/logo_sahinimmobilien.jpg\",\"width\":800,\"height\":238,\"caption\":\"Immobilien SAHIN\"},\"image\":{\"@id\":\"http:\/\/immobilien-sahin-24.de\/cms\/#logo\"}},{\"@type\":\"WebSite\",\"@id\":\"http:\/\/immobilien-sahin-24.de\/cms\/#website\",\"url\":\"http:\/\/immobilien-sahin-24.de\/cms\/\",\"name\":\"immobilien-sahin-24.de\",\"description\":\"Willkommen bei Immobilien SAHIN\",\"publisher\":{\"@id\":\"http:\/\/immobilien-sahin-24.de\/cms\/#organization\"},\"potentialAction\":[{\"@type\":\"SearchAction\",\"target\":{\"@type\":\"EntryPoint\",\"urlTemplate\":\"http:\/\/immobilien-sahin-24.de\/cms\/?s={search_term_string}\"},\"query-input\":\"required name=search_term_string\"}],\"inLanguage\":\"de\"},{\"@type\":\"WebPage\",\"@id\":\"http:\/\/immobilien-sahin-24.de\/cms\/datenschutzerklaerung\/#webpage\",\"url\":\"http:\/\/immobilien-sahin-24.de\/cms\/datenschutzerklaerung\/\",\"name\":\"Datenschutzerkl\u00e4rung - immobilien-sahin-24.de\",\"isPartOf\":{\"@id\":\"http:\/\/immobilien-sahin-24.de\/cms\/#website\"},\"datePublished\":\"2018-05-13T19:43:08+00:00\",\"dateModified\":\"2025-09-15T15:14:11+00:00\",\"breadcrumb\":{\"@id\":\"http:\/\/immobilien-sahin-24.de\/cms\/datenschutzerklaerung\/#breadcrumb\"},\"inLanguage\":\"de\",\"potentialAction\":[{\"@type\":\"ReadAction\",\"target\":[\"http:\/\/immobilien-sahin-24.de\/cms\/datenschutzerklaerung\/\"]}]},{\"@type\":\"BreadcrumbList\",\"@id\":\"http:\/\/immobilien-sahin-24.de\/cms\/datenschutzerklaerung\/#breadcrumb\",\"itemListElement\":[{\"@type\":\"ListItem\",\"position\":1,\"name\":\"Home\",\"item\":\"http:\/\/immobilien-sahin-24.de\/cms\/\"},{\"@type\":\"ListItem\",\"position\":2,\"name\":\"Datenschutzerkl\u00e4rung\"}]}]}<\/script>\n<!-- \/ Yoast SEO plugin. -->","yoast_head_json":{"title":"Datenschutzerkl\u00e4rung - immobilien-sahin-24.de","robots":{"index":"index","follow":"follow","max-snippet":"max-snippet:-1","max-image-preview":"max-image-preview:large","max-video-preview":"max-video-preview:-1"},"canonical":"http:\/\/immobilien-sahin-24.de\/cms\/datenschutzerklaerung\/","og_locale":"de_DE","og_type":"article","og_title":"Datenschutzerkl\u00e4rung - immobilien-sahin-24.de","og_description":"Datenschutzerkl\u00e4rung Der Schutz und die Sicherheit von pers\u00f6nlichen Daten hat bei uns eine hohe Priorit\u00e4t. Daher halten wir unsstrikt an die Regeln des deutschen Bundesdatenschutzgesetzes (BDSG). Nachfolgend werden Sie dar\u00fcberinformiert, welche Art von Daten erfasst und zu welchen Zweck sie erhoben werden: 1. Daten\u00fcbermittlung\/ DatenprotokollierungBeim Besuch dieser Seite verzeichnet der Web-Server automatisch Log-Files, die keiner [&hellip;]","og_url":"http:\/\/immobilien-sahin-24.de\/cms\/datenschutzerklaerung\/","og_site_name":"immobilien-sahin-24.de","article_modified_time":"2025-09-15T15:14:11+00:00","twitter_card":"summary","twitter_misc":{"Gesch\u00e4tzte Lesezeit":"5\u00a0Minuten"},"schema":{"@context":"https:\/\/schema.org","@graph":[{"@type":"Organization","@id":"http:\/\/immobilien-sahin-24.de\/cms\/#organization","name":"Immobilien SAHIN","url":"http:\/\/immobilien-sahin-24.de\/cms\/","sameAs":[],"logo":{"@type":"ImageObject","@id":"http:\/\/immobilien-sahin-24.de\/cms\/#logo","inLanguage":"de","url":"http:\/\/immobilien-sahin-24.de\/cms\/wp-content\/uploads\/logo_sahinimmobilien.jpg","contentUrl":"http:\/\/immobilien-sahin-24.de\/cms\/wp-content\/uploads\/logo_sahinimmobilien.jpg","width":800,"height":238,"caption":"Immobilien SAHIN"},"image":{"@id":"http:\/\/immobilien-sahin-24.de\/cms\/#logo"}},{"@type":"WebSite","@id":"http:\/\/immobilien-sahin-24.de\/cms\/#website","url":"http:\/\/immobilien-sahin-24.de\/cms\/","name":"immobilien-sahin-24.de","description":"Willkommen bei Immobilien SAHIN","publisher":{"@id":"http:\/\/immobilien-sahin-24.de\/cms\/#organization"},"potentialAction":[{"@type":"SearchAction","target":{"@type":"EntryPoint","urlTemplate":"http:\/\/immobilien-sahin-24.de\/cms\/?s={search_term_string}"},"query-input":"required name=search_term_string"}],"inLanguage":"de"},{"@type":"WebPage","@id":"http:\/\/immobilien-sahin-24.de\/cms\/datenschutzerklaerung\/#webpage","url":"http:\/\/immobilien-sahin-24.de\/cms\/datenschutzerklaerung\/","name":"Datenschutzerkl\u00e4rung - immobilien-sahin-24.de","isPartOf":{"@id":"http:\/\/immobilien-sahin-24.de\/cms\/#website"},"datePublished":"2018-05-13T19:43:08+00:00","dateModified":"2025-09-15T15:14:11+00:00","breadcrumb":{"@id":"http:\/\/immobilien-sahin-24.de\/cms\/datenschutzerklaerung\/#breadcrumb"},"inLanguage":"de","potentialAction":[{"@type":"ReadAction","target":["http:\/\/immobilien-sahin-24.de\/cms\/datenschutzerklaerung\/"]}]},{"@type":"BreadcrumbList","@id":"http:\/\/immobilien-sahin-24.de\/cms\/datenschutzerklaerung\/#breadcrumb","itemListElement":[{"@type":"ListItem","position":1,"name":"Home","item":"http:\/\/immobilien-sahin-24.de\/cms\/"},{"@type":"ListItem","position":2,"name":"Datenschutzerkl\u00e4rung"}]}]}},"_links":{"self":[{"href":"http:\/\/immobilien-sahin-24.de\/cms\/wp-json\/wp\/v2\/pages\/4064"}],"collection":[{"href":"http:\/\/immobilien-sahin-24.de\/cms\/wp-json\/wp\/v2\/pages"}],"about":[{"href":"http:\/\/immobilien-sahin-24.de\/cms\/wp-json\/wp\/v2\/types\/page"}],"author":[{"embeddable":true,"href":"http:\/\/immobilien-sahin-24.de\/cms\/wp-json\/wp\/v2\/users\/1"}],"replies":[{"embeddable":true,"href":"http:\/\/immobilien-sahin-24.de\/cms\/wp-json\/wp\/v2\/comments?post=4064"}],"version-history":[{"count":5,"href":"http:\/\/immobilien-sahin-24.de\/cms\/wp-json\/wp\/v2\/pages\/4064\/revisions"}],"predecessor-version":[{"id":4291,"href":"http:\/\/immobilien-sahin-24.de\/cms\/wp-json\/wp\/v2\/pages\/4064\/revisions\/4291"}],"wp:attachment":[{"href":"http:\/\/immobilien-sahin-24.de\/cms\/wp-json\/wp\/v2\/media?parent=4064"}],"curies":[{"name":"wp","href":"https:\/\/api.w.org\/{rel}","templated":true}]}}